{"id":168699,"date":"2025-12-19T20:59:55","date_gmt":"2025-12-19T17:59:55","guid":{"rendered":"https:\/\/baldumarket.lt\/product\/mebloscianka-provenza-dab-kamienny-bialy-mat-szafka-rtv-witryna-komoda-barek-do-salonu-retro\/"},"modified":"2026-02-11T12:33:17","modified_gmt":"2026-02-11T09:33:17","slug":"mebloscianka-provenza-dab-kamienny-bialy-mat-szafka-rtv-witryna-komoda-barek-do-salonu-retro","status":"publish","type":"product","link":"https:\/\/baldumarket.lt\/ru\/product\/mebloscianka-provenza-dab-kamienny-bialy-mat-szafka-rtv-witryna-komoda-barek-do-salonu-retro\/","title":{"rendered":"PROVENZA sienin\u0117 spintel\u0117, akmens \u0105\u017euolo spalvos\/matin\u0117 balta \u2013 TV spintel\u0117, vitrina, komoda\/i\u0161pardavimas Retro stiliaus svetainei"},"content":{"rendered":"<p>\u041c\u0435\u0431\u0435\u043b\u044c \u0438\u0437\u0433\u043e\u0442\u043e\u0432\u043b\u0435\u043d\u0430 \u0438\u0437 \u043c\u0430\u0442\u043e\u0432\u043e\u0439 \u0414\u0421\u041f\/\u041c\u0414\u0424 \u0442\u043e\u043b\u0449\u0438\u043d\u043e\u0439 18 \u043c\u043c, \u043b\u0430\u043c\u0438\u043d\u0438\u0440\u043e\u0432\u0430\u043d\u043d\u043e\u0439 \u0441 \u043e\u0431\u0435\u0438\u0445 \u0441\u0442\u043e\u0440\u043e\u043d, \u0441 \u043e\u0442\u0434\u0435\u043b\u043a\u043e\u0439 \u043f\u043e \u043a\u0440\u043e\u043c\u043a\u0435 \u0438\u0437 \u0410\u0411\u0421-\u043f\u043b\u0430\u0441\u0442\u0438\u043a\u0430 \u0442\u043e\u043b\u0449\u0438\u043d\u043e\u0439 1 \u043c\u043c.<br \/>\n\u0412\u043a\u043b\u044e\u0447\u0430\u0435\u0442:<br \/>\n\u0427\u0435\u0442\u043a\u0438\u0435, \u043f\u043e\u0448\u0430\u0433\u043e\u0432\u044b\u0435 \u0438\u043d\u0441\u0442\u0440\u0443\u043a\u0446\u0438\u0438, \u0431\u043b\u0430\u0433\u043e\u0434\u0430\u0440\u044f \u043a\u043e\u0442\u043e\u0440\u044b\u043c \u0441\u0431\u043e\u0440\u043a\u0430 \u0441\u0442\u0430\u043d\u043e\u0432\u0438\u0442\u0441\u044f \u043e\u0447\u0435\u043d\u044c \u043f\u0440\u043e\u0441\u0442\u043e\u0439 \u0438 \u0437\u0430\u043d\u0438\u043c\u0430\u0435\u0442 \u0432\u0441\u0435\u0433\u043e 135-180 \u043c\u0438\u043d\u0443\u0442.<\/p>","protected":false},"excerpt":{"rendered":"<p>\u041c\u0410\u0422\u0415\u0420\u0418\u0410\u041b\u042b: \u041c\u0414\u0424 + \u0414\u0421\u041f, \u041f\u041e\u0412\u0415\u0420\u0425\u041d\u041e\u0421\u0422\u042c: \u041c\u0430\u0442\u043e\u0432\u0430\u044f, \u0421\u0422\u0418\u041b\u042c: \u041f\u0440\u043e\u0432\u0430\u043d\u0441\u0430\u043b\u044c\u0441\u043a\u0438\u0439, \u0412\u0415\u0421 \u0421 \u0423\u041f\u0410\u041a\u041e\u0412\u041a\u041e\u0419: 147 \u043a\u0433<\/p>","protected":false},"featured_media":168700,"comment_status":"open","ping_status":"open","template":"","meta":[],"product_brand":[],"product_cat":[9542,4109,2008],"product_tag":[],"class_list":{"0":"post-168699","1":"product","2":"type-product","3":"status-publish","4":"has-post-thumbnail","6":"product_cat-furniture-system-provenza-mazzoni","7":"product_cat-mazzoni","8":"product_cat-wall-units","10":"first","11":"instock","12":"purchasable","13":"product-type-simple"},"_links":{"self":[{"href":"https:\/\/baldumarket.lt\/ru\/wp-json\/wp\/v2\/product\/168699","targetHints":{"allow":["GET"]}}],"collection":[{"href":"https:\/\/baldumarket.lt\/ru\/wp-json\/wp\/v2\/product"}],"about":[{"href":"https:\/\/baldumarket.lt\/ru\/wp-json\/wp\/v2\/types\/product"}],"replies":[{"embeddable":true,"href":"https:\/\/baldumarket.lt\/ru\/wp-json\/wp\/v2\/comments?post=168699"}],"wp:featuredmedia":[{"embeddable":true,"href":"https:\/\/baldumarket.lt\/ru\/wp-json\/wp\/v2\/media\/168700"}],"wp:attachment":[{"href":"https:\/\/baldumarket.lt\/ru\/wp-json\/wp\/v2\/media?parent=168699"}],"wp:term":[{"taxonomy":"product_brand","embeddable":true,"href":"https:\/\/baldumarket.lt\/ru\/wp-json\/wp\/v2\/product_brand?post=168699"},{"taxonomy":"product_cat","embeddable":true,"href":"https:\/\/baldumarket.lt\/ru\/wp-json\/wp\/v2\/product_cat?post=168699"},{"taxonomy":"product_tag","embeddable":true,"href":"https:\/\/baldumarket.lt\/ru\/wp-json\/wp\/v2\/product_tag?post=168699"}],"curies":[{"name":"WP","href":"https:\/\/api.w.org\/{rel}","templated":true}]}}

PROVENZA sieninė spintelė, akmens ąžuolo spalvos/matinė balta – TV spintelė, vitrina, komoda/išpardavimas Retro stiliaus svetainei

<p>Мебель изготовлена из матовой ДСП/МДФ толщиной 18 мм, ламинированной с обеих сторон, с отделкой по кромке из АБС-пластика толщиной 1 мм.<br />
Включает:<br />
Четкие, пошаговые инструкции, благодаря которым сборка становится очень простой и занимает всего 135-180 минут.</p>

<p>МАТЕРИАЛЫ: МДФ + ДСП, ПОВЕРХНОСТЬ: Матовая, СТИЛЬ: Провансальский, ВЕС С УПАКОВКОЙ: 147 кг</p>
