{"id":335121,"date":"2026-03-07T18:07:58","date_gmt":"2026-03-07T15:07:58","guid":{"rendered":"https:\/\/baldumarket.lt\/?post_type=product&#038;p=335121"},"modified":"2026-03-26T18:06:57","modified_gmt":"2026-03-26T15:06:57","slug":"zefir-b","status":"publish","type":"product","link":"https:\/\/baldumarket.lt\/lt\/product\/zefir-b\/","title":{"rendered":"Bald\u0173 sienel\u0117 ZEFIR B"},"content":{"rendered":"<p>Plotis\/Auk\u0161tis\/Gylis: 320\/xx\/42 cm<\/p>\n<p>\u201eZEFIR B\u201c vitrin\u0173 komplektas pasi\u017eymi moderniu ir eleganti\u0161ku dizainu, patvarumu ir funkcionalumu. Pagamintas i\u0161 auk\u0161tos kokyb\u0117s laminuotos plok\u0161t\u0117s, jis tarnaus ilgus metus, o paprasta konstrukcija u\u017etikrina patog\u0173 naudojim\u0105 net ir i\u0161rankiausiems klientams. Baldai puikiai tinka svetain\u0117ms ir poilsio kambariams. Jie yra erdv\u016bs ir si\u016blomi \u012fvairi\u0173 spalv\u0173. Matmenys:<br \/>\n\u2013 Plotis 320 cm \/ Auk\u0161tis XX cm \/ Gylis 42 cm<br \/>\nPapildoma informacija:<br \/>\n\u2013 Rinkin\u012f sudaro 7 elementai,<\/p>\n<p>\u2013 Apatin\u0117s spintel\u0117s (stal\u010diai): 120\u2013120 cm, auk\u0161tis 35,8 cm<\/p>\n<p>\u2013 Vir\u0161utin\u0117s spintel\u0117s: 100\u2013100\u201390 cm (baras),<\/p>\n<p>\u2013 Vir\u0161utin\u0117 vertikali spintel\u0117: plotis 30 cm \/ auk\u0161tis 112 cm,<\/p>\n<p>\u2013 Vitrina: plotis 80 cm, auk\u0161tis 151,8 cm<\/p>\n<p>\u2013 Vitrinose naudojamos standartin\u0117s laminuotos plok\u0161t\u0117s lentynos,<\/p>\n<p>\u2013 Stiklin\u0117s lentynos ir LED ap\u0161vietimas \u2013 u\u017e papildom\u0105 mokest\u012f.,<\/p>\n<p>\u2013 Galima rinktis priekin\u0117s dalies spalvas \u2013 matin\u0117s arba blizgios,<\/p>\n<p>\u2013 Rankenos ir kojel\u0117s pagamintos i\u0161 auk\u0161tos kokyb\u0117s plastiko, u\u017etikrinan\u010dio patvarum\u0105 ir naudojimo patogum\u0105,<\/p>\n<p>\u2013 16 mm storio laminuota plok\u0161t\u0117, 22 mm stalvir\u0161iai<\/p>\n<p>\u2013 Baldai yra nauji, supakuoti \u012f savaranki\u0161kai surinkamas pakuotes, su ai\u0161kiomis instrukcijomis ir priedais.<\/p>\n<p>\u2013 Vizualizacijoje parodyta sienin\u0117 spintel\u0117 yra apdailinta balt\u0105ja pu\u0161imi \/ \u201eartisan\u201c mediena.<\/p>\n<p>\u2013 Papildomai galima \u012fsigyti 90 cm plo\u010dio spint\u0105.<\/p>","protected":false},"excerpt":{"rendered":"<p><strong><span dir=\"auto\">Matmenys:<\/span><\/strong><\/p>\n<p><span dir=\"auto\">\u2013 plotis 320 cm \/ auk\u0161tis XX cm \/ gylis 42 cm<\/span><\/p>","protected":false},"featured_media":335158,"comment_status":"open","ping_status":"closed","template":"","meta":[],"product_brand":[],"product_cat":[9879,9880,2008],"product_tag":[],"class_list":{"0":"post-335121","1":"product","2":"type-product","3":"status-publish","4":"has-post-thumbnail","6":"product_cat-krajan","7":"product_cat-classic-furniture-krajan","8":"product_cat-wall-units","10":"first","11":"instock","12":"shipping-taxable","13":"purchasable","14":"product-type-variable","15":"wvs-archive-product-wrapper"},"_links":{"self":[{"href":"https:\/\/baldumarket.lt\/lt\/wp-json\/wp\/v2\/product\/335121","targetHints":{"allow":["GET"]}}],"collection":[{"href":"https:\/\/baldumarket.lt\/lt\/wp-json\/wp\/v2\/product"}],"about":[{"href":"https:\/\/baldumarket.lt\/lt\/wp-json\/wp\/v2\/types\/product"}],"replies":[{"embeddable":true,"href":"https:\/\/baldumarket.lt\/lt\/wp-json\/wp\/v2\/comments?post=335121"}],"wp:featuredmedia":[{"embeddable":true,"href":"https:\/\/baldumarket.lt\/lt\/wp-json\/wp\/v2\/media\/335158"}],"wp:attachment":[{"href":"https:\/\/baldumarket.lt\/lt\/wp-json\/wp\/v2\/media?parent=335121"}],"wp:term":[{"taxonomy":"product_brand","embeddable":true,"href":"https:\/\/baldumarket.lt\/lt\/wp-json\/wp\/v2\/product_brand?post=335121"},{"taxonomy":"product_cat","embeddable":true,"href":"https:\/\/baldumarket.lt\/lt\/wp-json\/wp\/v2\/product_cat?post=335121"},{"taxonomy":"product_tag","embeddable":true,"href":"https:\/\/baldumarket.lt\/lt\/wp-json\/wp\/v2\/product_tag?post=335121"}],"curies":[{"name":"wp","href":"https:\/\/api.w.org\/{rel}","templated":true}]}}

Baldų sienelė ZEFIR B

<p>Plotis/Aukštis/Gylis: 320/xx/42 cm</p>
<p>„ZEFIR B“ vitrinų komplektas pasižymi moderniu ir elegantišku dizainu, patvarumu ir funkcionalumu. Pagamintas iš aukštos kokybės laminuotos plokštės, jis tarnaus ilgus metus, o paprasta konstrukcija užtikrina patogų naudojimą net ir išrankiausiems klientams. Baldai puikiai tinka svetainėms ir poilsio kambariams. Jie yra erdvūs ir siūlomi įvairių spalvų. Matmenys:<br />
– Plotis 320 cm / Aukštis XX cm / Gylis 42 cm<br />
Papildoma informacija:<br />
– Rinkinį sudaro 7 elementai,</p>
<p>– Apatinės spintelės (stalčiai): 120–120 cm, aukštis 35,8 cm</p>
<p>– Viršutinės spintelės: 100–100–90 cm (baras),</p>
<p>– Viršutinė vertikali spintelė: plotis 30 cm / aukštis 112 cm,</p>
<p>– Vitrina: plotis 80 cm, aukštis 151,8 cm</p>
<p>– Vitrinose naudojamos standartinės laminuotos plokštės lentynos,</p>
<p>– Stiklinės lentynos ir LED apšvietimas – už papildomą mokestį.,</p>
<p>– Galima rinktis priekinės dalies spalvas – matinės arba blizgios,</p>
<p>– Rankenos ir kojelės pagamintos iš aukštos kokybės plastiko, užtikrinančio patvarumą ir naudojimo patogumą,</p>
<p>– 16 mm storio laminuota plokštė, 22 mm stalviršiai</p>
<p>– Baldai yra nauji, supakuoti į savarankiškai surinkamas pakuotes, su aiškiomis instrukcijomis ir priedais.</p>
<p>– Vizualizacijoje parodyta sieninė spintelė yra apdailinta baltąja pušimi / „artisan“ mediena.</p>
<p>– Papildomai galima įsigyti 90 cm pločio spintą.</p>

<p><strong><span dir="auto">Matmenys:</span></strong></p>
<p><span dir="auto">– plotis 320 cm / aukštis XX cm / gylis 42 cm</span></p>
