{"id":235663,"date":"2025-12-29T22:41:43","date_gmt":"2025-12-29T19:41:43","guid":{"rendered":"https:\/\/baldumarket.lt\/product\/esteban-komoda-2d1s-grafit-dab-evok\/"},"modified":"2026-02-11T18:34:50","modified_gmt":"2026-02-11T15:34:50","slug":"esteban-komoda-2d1s-grafit-dab-evok","status":"publish","type":"product","link":"https:\/\/baldumarket.lt\/lt\/product\/esteban-komoda-2d1s-grafit-dab-evok\/","title":{"rendered":"ESTEBAN komoda, 2 stal\u010diai, 1 vnt., grafito spalvos \/ \u0105\u017euolo spalvos, evok spalvos"},"content":{"rendered":"<p>Kolekcija: Esteban Surinkta: Ne Plotis: 80,1 Auk\u0161tis: 88 Gylis: 36 Dur\u0173 skai\u010dius: 2 Stal\u010di\u0173 skai\u010dius: 1<br \/>\nESTEBAN ma\u017ea komoda \u2013 grafito \/ Evok \u0105\u017euolo spalvos<br \/>\n\u012ene\u0161kite elegancijos ir funkcionalumo \u012f savo interjer\u0105 su grafito \/ Evok \u0105\u017euolo spalvos ESTEBAN komoda. \u0160is modernus baldas puikiai derina minimalistin\u012f dizain\u0105 su nat\u016bralios medienos \u0161iluma, sukurdamas stiling\u0105 akcent\u0105 j\u016bs\u0173 svetain\u0117je, miegamajame ar biure.<br \/>\nTvirta konstrukcija, pagaminta i\u0161 auk\u0161tos kokyb\u0117s laminuotos bald\u0173 plok\u0161t\u0117s, garantuoja ilgaam\u017ei\u0161kum\u0105 ir atsparum\u0105 kasdieniam naudojimui. Prakti\u0161ki stal\u010diai su pilno i\u0161traukimo rutuliniais guoliais u\u017etikrina patogi\u0105 prieig\u0105 prie laikom\u0173 daikt\u0173, o erdvioje spintel\u0117je tilps viskas, k\u0105 norite laikyti po ranka.<br \/>\nSubtilios plastikin\u0117s ranken\u0117l\u0117s ir tvirtos kojel\u0117s u\u017ebaigia dizain\u0105, pabr\u0117\u017edamos modern\u0173 bald\u0173 charakter\u012f. Specifikacijos:<br \/>\nSpalva: Grafito \/ Evok \u0105\u017euolo<br \/>\nPriekin\u0117s dalys: laminuotas MDF<br \/>\nKorpusas: laminuota MDF plok\u0161t\u0117<br \/>\nVir\u0161us: laminuotas MDF<br \/>\nStal\u010diai: rutuliniai guoliai, pilno i\u0161traukimo<br \/>\nRankenos: plastikin\u0117s<br \/>\nKojel\u0117s: plastikas<br \/>\nPagrindin\u0117s savyb\u0117s:<br \/>\nModernus dizainas, kuris papildys bet kok\u012f interjer\u0105<br \/>\nPatvari konstrukcija ir tvirtas meistri\u0161kumas<br \/>\nPatog\u016bs, erdv\u016bs stal\u010diai su pilnu i\u0161traukimu<br \/>\nStilingas spalv\u0173 derinys: grafitas ir Evok \u0105\u017euolas<br \/>\nESTEBAN komoda derina funkcionalum\u0105 ir estetik\u0105, suteikdama j\u016bs\u0173 namams harmonijos ir elegancijos.<\/p>","protected":false},"excerpt":{"rendered":"<p>Kolekcija: Esteban<br \/>\nPlotis cm: 80,1<br \/>\n\u016agis cm: 88<br \/>\nGylis cm: 36<br \/>\nDur\u0173 skai\u010dius: 2<br \/>\nStal\u010di\u0173 skai\u010dius: 1<\/p>","protected":false},"featured_media":235664,"comment_status":"open","ping_status":"open","template":"","meta":[],"product_brand":[],"product_cat":[9335,1173,2970],"product_tag":[],"class_list":{"0":"post-235663","1":"product","2":"type-product","3":"status-publish","4":"has-post-thumbnail","6":"product_cat-furniture-collection-esteban","7":"product_cat-chests-of-drawers","8":"product_cat-mebelbos","10":"first","11":"instock","12":"purchasable","13":"product-type-simple"},"_links":{"self":[{"href":"https:\/\/baldumarket.lt\/lt\/wp-json\/wp\/v2\/product\/235663","targetHints":{"allow":["GET"]}}],"collection":[{"href":"https:\/\/baldumarket.lt\/lt\/wp-json\/wp\/v2\/product"}],"about":[{"href":"https:\/\/baldumarket.lt\/lt\/wp-json\/wp\/v2\/types\/product"}],"replies":[{"embeddable":true,"href":"https:\/\/baldumarket.lt\/lt\/wp-json\/wp\/v2\/comments?post=235663"}],"wp:featuredmedia":[{"embeddable":true,"href":"https:\/\/baldumarket.lt\/lt\/wp-json\/wp\/v2\/media\/235664"}],"wp:attachment":[{"href":"https:\/\/baldumarket.lt\/lt\/wp-json\/wp\/v2\/media?parent=235663"}],"wp:term":[{"taxonomy":"product_brand","embeddable":true,"href":"https:\/\/baldumarket.lt\/lt\/wp-json\/wp\/v2\/product_brand?post=235663"},{"taxonomy":"product_cat","embeddable":true,"href":"https:\/\/baldumarket.lt\/lt\/wp-json\/wp\/v2\/product_cat?post=235663"},{"taxonomy":"product_tag","embeddable":true,"href":"https:\/\/baldumarket.lt\/lt\/wp-json\/wp\/v2\/product_tag?post=235663"}],"curies":[{"name":"wp","href":"https:\/\/api.w.org\/{rel}","templated":true}]}}

ESTEBAN komoda, 2 stalčiai, 1 vnt., grafito spalvos / ąžuolo spalvos, evok spalvos

<p>Kolekcija: Esteban Surinkta: Ne Plotis: 80,1 Aukštis: 88 Gylis: 36 Durų skaičius: 2 Stalčių skaičius: 1<br />
ESTEBAN maža komoda – grafito / Evok ąžuolo spalvos<br />
Įneškite elegancijos ir funkcionalumo į savo interjerą su grafito / Evok ąžuolo spalvos ESTEBAN komoda. Šis modernus baldas puikiai derina minimalistinį dizainą su natūralios medienos šiluma, sukurdamas stilingą akcentą jūsų svetainėje, miegamajame ar biure.<br />
Tvirta konstrukcija, pagaminta iš aukštos kokybės laminuotos baldų plokštės, garantuoja ilgaamžiškumą ir atsparumą kasdieniam naudojimui. Praktiški stalčiai su pilno ištraukimo rutuliniais guoliais užtikrina patogią prieigą prie laikomų daiktų, o erdvioje spintelėje tilps viskas, ką norite laikyti po ranka.<br />
Subtilios plastikinės rankenėlės ir tvirtos kojelės užbaigia dizainą, pabrėždamos modernų baldų charakterį. Specifikacijos:<br />
Spalva: Grafito / Evok ąžuolo<br />
Priekinės dalys: laminuotas MDF<br />
Korpusas: laminuota MDF plokštė<br />
Viršus: laminuotas MDF<br />
Stalčiai: rutuliniai guoliai, pilno ištraukimo<br />
Rankenos: plastikinės<br />
Kojelės: plastikas<br />
Pagrindinės savybės:<br />
Modernus dizainas, kuris papildys bet kokį interjerą<br />
Patvari konstrukcija ir tvirtas meistriškumas<br />
Patogūs, erdvūs stalčiai su pilnu ištraukimu<br />
Stilingas spalvų derinys: grafitas ir Evok ąžuolas<br />
ESTEBAN komoda derina funkcionalumą ir estetiką, suteikdama jūsų namams harmonijos ir elegancijos.</p>

<p>Kolekcija: Esteban<br />
Plotis cm: 80,1<br />
Ūgis cm: 88<br />
Gylis cm: 36<br />
Durų skaičius: 2<br />
Stalčių skaičius: 1</p>
