{"id":210178,"date":"2025-12-26T03:32:19","date_gmt":"2025-12-26T00:32:19","guid":{"rendered":"https:\/\/baldumarket.lt\/?post_type=product&#038;p=210178"},"modified":"2026-04-06T11:37:57","modified_gmt":"2026-04-06T08:37:57","slug":"sofa-rozkladana-z-poduchami-gracjan","status":"publish","type":"product","link":"https:\/\/baldumarket.lt\/lt\/product\/sofa-rozkladana-z-poduchami-gracjan\/","title":{"rendered":"Gracjan sofa-lova su pagalv\u0117l\u0117mis"},"content":{"rendered":"<p>\u201eGracjan\u201c sofa-lova \u2013 prakti\u0161kas baldas, kuris d\u0117l savo klasikinio dizaino tiks bet kokioje aplinkoje. Patogi s\u0117dyn\u0117 leis atsipalaiduoti po sunkios darbo dienos.<br \/>\nGracjano specifikacijos:<br \/>\nBaldai pagaminti i\u0161 medinio r\u0117mo ir laminuotos plok\u0161t\u0117s<br \/>\nPatalyn\u0117 saugykla<br \/>\nMiego funkcija<br \/>\nAutomati\u0161kai i\u0161skleid\u017eiama sofa-lova<br \/>\n\u012ed\u0117jimas: vingiuotos spyruokl\u0117s su T30 apmu\u0161al\u0173 putomis<br \/>\nNugara aptraukta pasirinktu audiniu, su patraukliomis si\u016bl\u0117mis ir keturiomis papildomomis pagalv\u0117l\u0117mis.<br \/>\nJei norite dvispalv\u0117s sofos \u2013 audinio pasiskirstymas toks, kaip parodyta nuotraukoje (tas pats audinys), nurodykite tai u\u017esakymo pastabose, nurodydami tiksli\u0105 spalv\u0105. Ta\u010diau dauguma klient\u0173 renkasi vienspalv\u012f model\u012f.<\/p>","protected":false},"excerpt":{"rendered":"<p>\u201eGracjan\u201c sofa-lova \u2013 prakti\u0161kas baldas, kuris d\u0117l savo klasikinio dizaino tiks bet kokioje aplinkoje. Patogi s\u0117dyn\u0117 leis atsipalaiduoti po sunkios darbo dienos. \u201eGracjan\u201c specifikacijos: Baldas pagamintas i\u0161 medinio r\u0117mo ir laminuotos plok\u0161t\u0117s. Patalyn\u0117s skyrius. Miegojimo funkcija. Automatin\u0117 sofa-lova [\u2026]<\/p>","protected":false},"featured_media":339628,"comment_status":"open","ping_status":"closed","template":"","meta":[],"product_brand":[],"product_cat":[10172,6950,560],"product_tag":[],"class_list":{"0":"post-210178","1":"product","2":"type-product","3":"status-publish","4":"has-post-thumbnail","6":"product_cat-sofas-kinas-meble","7":"product_cat-kinas","8":"product_cat-sofas-and-couches","10":"first","11":"instock","12":"shipping-taxable","13":"product-type-grouped"},"_links":{"self":[{"href":"https:\/\/baldumarket.lt\/lt\/wp-json\/wp\/v2\/product\/210178","targetHints":{"allow":["GET"]}}],"collection":[{"href":"https:\/\/baldumarket.lt\/lt\/wp-json\/wp\/v2\/product"}],"about":[{"href":"https:\/\/baldumarket.lt\/lt\/wp-json\/wp\/v2\/types\/product"}],"replies":[{"embeddable":true,"href":"https:\/\/baldumarket.lt\/lt\/wp-json\/wp\/v2\/comments?post=210178"}],"wp:featuredmedia":[{"embeddable":true,"href":"https:\/\/baldumarket.lt\/lt\/wp-json\/wp\/v2\/media\/339628"}],"wp:attachment":[{"href":"https:\/\/baldumarket.lt\/lt\/wp-json\/wp\/v2\/media?parent=210178"}],"wp:term":[{"taxonomy":"product_brand","embeddable":true,"href":"https:\/\/baldumarket.lt\/lt\/wp-json\/wp\/v2\/product_brand?post=210178"},{"taxonomy":"product_cat","embeddable":true,"href":"https:\/\/baldumarket.lt\/lt\/wp-json\/wp\/v2\/product_cat?post=210178"},{"taxonomy":"product_tag","embeddable":true,"href":"https:\/\/baldumarket.lt\/lt\/wp-json\/wp\/v2\/product_tag?post=210178"}],"curies":[{"name":"wp","href":"https:\/\/api.w.org\/{rel}","templated":true}]}}

Gracjan sofa-lova su pagalvėlėmis

<p>„Gracjan“ sofa-lova – praktiškas baldas, kuris dėl savo klasikinio dizaino tiks bet kokioje aplinkoje. Patogi sėdynė leis atsipalaiduoti po sunkios darbo dienos.<br />
Gracjano specifikacijos:<br />
Baldai pagaminti iš medinio rėmo ir laminuotos plokštės<br />
Patalynė saugykla<br />
Miego funkcija<br />
Automatiškai išskleidžiama sofa-lova<br />
Įdėjimas: vingiuotos spyruoklės su T30 apmušalų putomis<br />
Nugara aptraukta pasirinktu audiniu, su patraukliomis siūlėmis ir keturiomis papildomomis pagalvėlėmis.<br />
Jei norite dvispalvės sofos – audinio pasiskirstymas toks, kaip parodyta nuotraukoje (tas pats audinys), nurodykite tai užsakymo pastabose, nurodydami tikslią spalvą. Tačiau dauguma klientų renkasi vienspalvį modelį.</p>

<p>„Gracjan“ sofa-lova – praktiškas baldas, kuris dėl savo klasikinio dizaino tiks bet kokioje aplinkoje. Patogi sėdynė leis atsipalaiduoti po sunkios darbo dienos. „Gracjan“ specifikacijos: Baldas pagamintas iš medinio rėmo ir laminuotos plokštės. Patalynės skyrius. Miegojimo funkcija. Automatinė sofa-lova […]</p>
