{"id":153341,"date":"2025-12-18T06:11:10","date_gmt":"2025-12-18T03:11:10","guid":{"rendered":"https:\/\/baldumarket.lt\/?post_type=product&#038;p=153341"},"modified":"2026-02-04T09:59:29","modified_gmt":"2026-02-04T06:59:29","slug":"sofa-tiga-bigsofa-gr1","status":"publish","type":"product","link":"https:\/\/baldumarket.lt\/lt\/product\/sofa-tiga-bigsofa-gr1\/","title":{"rendered":"Tiga Bigsofa Gr1 sofa"},"content":{"rendered":"<h5><span style=\"color: #54859b\">Apsilankykite m\u016bs\u0173 virtualioje WERSAL prek\u0117s \u017eenklo parduotuv\u0117je<\/span><\/h5>\n<p> <a href=\"https:\/\/my.matterport.com\/show\/?m=SjRhosZFbQJ\" target=\"_blank\" rel=\"noopener\"><span style=\"color: #e47025\">https:\/\/my.matterport.com\/<\/span><\/a><\/p>\n<p>Itin patogi \u201eTiga Bigsofa\u201c sofa su didele ir pla\u010dia s\u0117dyne, patogiais porankiais ir daugybe dekoratyvini\u0173 pagalv\u0117li\u0173 turi elektra i\u0161traukiam\u0105 s\u0117dyn\u0119, kuri leid\u017eia sukurti patogi\u0105 miegojimo viet\u0105 (220 x 125 cm). Sofa turi 27 cm elektrin\u012f i\u0161traukim\u0105, o i\u0161skleista sofa yra 163 cm gylio. Sofa komplektuojama su daugybe u\u017etrauktukais u\u017esegam\u0173 pagalv\u0117li\u0173. S\u0117dyn\u0117s u\u017epildas \u2013 A tipo banguotos spyruokl\u0117s, N30 poliuretano putos. Atlo\u0161o u\u017epildas \u2013 T21 poliuretano putos. Apmu\u0161tas atlo\u0161as. Juodos plastikin\u0117s kojel\u0117s, 5 cm auk\u0161\u010dio. \u201eTiga\u201c taip pat galima \u012fsigyti kaip dviej\u0173 kampini\u0173 sof\u0173 (abi turi elektra i\u0161traukiam\u0105 s\u0117dyn\u0119, viena papildomai turi daiktad\u0117\u017e\u0119).<\/p>","protected":false},"excerpt":{"rendered":"<p>Svoris: 137,5 kg<br \/>\nPlotis: 302 cm<br \/>\nGylis: 136 cm<br \/>\nAuk\u0161tis: 88 cm<br \/>\nS\u0117dyn\u0117s gylis: 59 cm<br \/>\nS\u0117dyn\u0117s auk\u0161tis: 44 cm<br \/>\nPorankiai: su porankiais<\/p>","protected":false},"featured_media":153413,"comment_status":"open","ping_status":"closed","template":"","meta":[],"product_brand":[],"product_cat":[9388,560,4104],"product_tag":[],"class_list":{"0":"post-153341","1":"product","2":"type-product","3":"status-publish","4":"has-post-thumbnail","6":"product_cat-upholstered-furniture-young-wersal","7":"product_cat-sofas-and-couches","8":"product_cat-wersal","10":"first","11":"instock","12":"shipping-taxable","13":"purchasable","14":"product-type-variable","15":"wvs-archive-product-wrapper"},"_links":{"self":[{"href":"https:\/\/baldumarket.lt\/lt\/wp-json\/wp\/v2\/product\/153341","targetHints":{"allow":["GET"]}}],"collection":[{"href":"https:\/\/baldumarket.lt\/lt\/wp-json\/wp\/v2\/product"}],"about":[{"href":"https:\/\/baldumarket.lt\/lt\/wp-json\/wp\/v2\/types\/product"}],"replies":[{"embeddable":true,"href":"https:\/\/baldumarket.lt\/lt\/wp-json\/wp\/v2\/comments?post=153341"}],"wp:featuredmedia":[{"embeddable":true,"href":"https:\/\/baldumarket.lt\/lt\/wp-json\/wp\/v2\/media\/153413"}],"wp:attachment":[{"href":"https:\/\/baldumarket.lt\/lt\/wp-json\/wp\/v2\/media?parent=153341"}],"wp:term":[{"taxonomy":"product_brand","embeddable":true,"href":"https:\/\/baldumarket.lt\/lt\/wp-json\/wp\/v2\/product_brand?post=153341"},{"taxonomy":"product_cat","embeddable":true,"href":"https:\/\/baldumarket.lt\/lt\/wp-json\/wp\/v2\/product_cat?post=153341"},{"taxonomy":"product_tag","embeddable":true,"href":"https:\/\/baldumarket.lt\/lt\/wp-json\/wp\/v2\/product_tag?post=153341"}],"curies":[{"name":"wp","href":"https:\/\/api.w.org\/{rel}","templated":true}]}}

<h5><span style="color: #54859b">Apsilankykite mūsų virtualioje WERSAL prekės ženklo parduotuvėje</span></h5>
<p> <a href="https://my.matterport.com/show/?m=SjRhosZFbQJ" target="_blank" rel="noopener"><span style="color: #e47025">https://my.matterport.com/</span></a></p>
<p>Itin patogi „Tiga Bigsofa“ sofa su didele ir plačia sėdyne, patogiais porankiais ir daugybe dekoratyvinių pagalvėlių turi elektra ištraukiamą sėdynę, kuri leidžia sukurti patogią miegojimo vietą (220 x 125 cm). Sofa turi 27 cm elektrinį ištraukimą, o išskleista sofa yra 163 cm gylio. Sofa komplektuojama su daugybe užtrauktukais užsegamų pagalvėlių. Sėdynės užpildas – A tipo banguotos spyruoklės, N30 poliuretano putos. Atlošo užpildas – T21 poliuretano putos. Apmuštas atlošas. Juodos plastikinės kojelės, 5 cm aukščio. „Tiga“ taip pat galima įsigyti kaip dviejų kampinių sofų (abi turi elektra ištraukiamą sėdynę, viena papildomai turi daiktadėžę).</p>

<p>Svoris: 137,5 kg<br />
Plotis: 302 cm<br />
Gylis: 136 cm<br />
Aukštis: 88 cm<br />
Sėdynės gylis: 59 cm<br />
Sėdynės aukštis: 44 cm<br />
Porankiai: su porankiais</p>
