{"id":148958,"date":"2025-12-18T01:56:51","date_gmt":"2025-12-17T22:56:51","guid":{"rendered":"https:\/\/baldumarket.lt\/?post_type=product&#038;p=148958"},"modified":"2026-02-03T23:34:50","modified_gmt":"2026-02-03T20:34:50","slug":"naroznik-emporio-l-gr1","status":"publish","type":"product","link":"https:\/\/baldumarket.lt\/lt\/product\/naroznik-emporio-l-gr1\/","title":{"rendered":"Emporio L Gr1 kampin\u0117 sofa"},"content":{"rendered":"<h5><span style=\"color: #54859b\">Apsilankykite m\u016bs\u0173 virtualioje WERSAL prek\u0117s \u017eenklo parduotuv\u0117je<\/span><\/h5>\n<p> <a href=\"https:\/\/my.matterport.com\/show\/?m=SjRhosZFbQJ\" target=\"_blank\" rel=\"noopener\"><span style=\"color: #e47025\">https:\/\/my.matterport.com\/<\/span><\/a><\/p>\n<p>\u201eEmporio L\u201c kampin\u0117 sofa apjungia modern\u0173 stili\u0173, funkcionalum\u0105 ir auk\u0161\u010diausi\u0105 komfort\u0105. Ji turi ve\u017eim\u0117lio tipo miegojimo funkcij\u0105, tod\u0117l si\u016blo patog\u0173 122 x 190 cm dyd\u017eio pavir\u0161i\u0173, o patalyn\u0117s skyriuje yra papildomos vietos antklodei ir pagalv\u0117ms. Trys reguliuojamos galvos atramos ir judantis porankis u\u017etikrina individual\u0173 pritaikym\u0105, o 10 cm auk\u0161\u010dio metalin\u0117s kojel\u0117s pabr\u0117\u017eia modern\u0173 baldo charakter\u012f ir palengvina valym\u0105. D\u0117l apmu\u0161tos atlo\u0161o \u201eEmporio L\u201c kampin\u0117 sofa atrodo puikiai i\u0161 bet kokio kampo.<\/p>","protected":false},"excerpt":{"rendered":"<p>Forma: L<br \/>\nKampin\u0117 pus\u0117: Kair\u0117<br \/>\nKampin\u0117 pus\u0117: De\u0161in\u0117<br \/>\nPlotis: 262 cm<br \/>\nGylis: 97 cm<br \/>\nAuk\u0161tis: 75 cm<br \/>\nS\u0117dyn\u0117s auk\u0161tis: 45 cm<br \/>\nOsmano s\u0117dyn\u0117s gylis: 184 cm<br \/>\nOsmano plotis: 97 cm<br \/>\nKojos auk\u0161tis: 10 cm<br \/>\nKoj\u0173 spalva: matin\u0117 juoda<br \/>\nKoj\u0173 med\u017eiaga: metalas<br \/>\nKonteinerio matmenys: 212 x 87 x 16 cm<\/p>","protected":false},"featured_media":148985,"comment_status":"open","ping_status":"closed","template":"","meta":[],"product_brand":[],"product_cat":[9386,616,1983,4104],"product_tag":[],"class_list":{"0":"post-148958","1":"product","2":"type-product","3":"status-publish","4":"has-post-thumbnail","6":"product_cat-avangarde-wersal-upholstered-furniture","7":"product_cat-corners","8":"product_cat-corners-l","9":"product_cat-wersal","11":"first","12":"instock","13":"shipping-taxable","14":"purchasable","15":"product-type-variable","16":"wvs-archive-product-wrapper"},"_links":{"self":[{"href":"https:\/\/baldumarket.lt\/lt\/wp-json\/wp\/v2\/product\/148958","targetHints":{"allow":["GET"]}}],"collection":[{"href":"https:\/\/baldumarket.lt\/lt\/wp-json\/wp\/v2\/product"}],"about":[{"href":"https:\/\/baldumarket.lt\/lt\/wp-json\/wp\/v2\/types\/product"}],"replies":[{"embeddable":true,"href":"https:\/\/baldumarket.lt\/lt\/wp-json\/wp\/v2\/comments?post=148958"}],"wp:featuredmedia":[{"embeddable":true,"href":"https:\/\/baldumarket.lt\/lt\/wp-json\/wp\/v2\/media\/148985"}],"wp:attachment":[{"href":"https:\/\/baldumarket.lt\/lt\/wp-json\/wp\/v2\/media?parent=148958"}],"wp:term":[{"taxonomy":"product_brand","embeddable":true,"href":"https:\/\/baldumarket.lt\/lt\/wp-json\/wp\/v2\/product_brand?post=148958"},{"taxonomy":"product_cat","embeddable":true,"href":"https:\/\/baldumarket.lt\/lt\/wp-json\/wp\/v2\/product_cat?post=148958"},{"taxonomy":"product_tag","embeddable":true,"href":"https:\/\/baldumarket.lt\/lt\/wp-json\/wp\/v2\/product_tag?post=148958"}],"curies":[{"name":"wp","href":"https:\/\/api.w.org\/{rel}","templated":true}]}}

Emporio L Gr1 kampinė sofa

<h5><span style="color: #54859b">Apsilankykite mūsų virtualioje WERSAL prekės ženklo parduotuvėje</span></h5>
<p> <a href="https://my.matterport.com/show/?m=SjRhosZFbQJ" target="_blank" rel="noopener"><span style="color: #e47025">https://my.matterport.com/</span></a></p>
<p>„Emporio L“ kampinė sofa apjungia modernų stilių, funkcionalumą ir aukščiausią komfortą. Ji turi vežimėlio tipo miegojimo funkciją, todėl siūlo patogų 122 x 190 cm dydžio paviršių, o patalynės skyriuje yra papildomos vietos antklodei ir pagalvėms. Trys reguliuojamos galvos atramos ir judantis porankis užtikrina individualų pritaikymą, o 10 cm aukščio metalinės kojelės pabrėžia modernų baldo charakterį ir palengvina valymą. Dėl apmuštos atlošo „Emporio L“ kampinė sofa atrodo puikiai iš bet kokio kampo.</p>

<p>Forma: L<br />
Kampinė pusė: Kairė<br />
Kampinė pusė: Dešinė<br />
Plotis: 262 cm<br />
Gylis: 97 cm<br />
Aukštis: 75 cm<br />
Sėdynės aukštis: 45 cm<br />
Osmano sėdynės gylis: 184 cm<br />
Osmano plotis: 97 cm<br />
Kojos aukštis: 10 cm<br />
Kojų spalva: matinė juoda<br />
Kojų medžiaga: metalas<br />
Konteinerio matmenys: 212 x 87 x 16 cm</p>
